{"id":617,"date":"2019-02-17T15:37:08","date_gmt":"2019-02-17T14:37:08","guid":{"rendered":"http:\/\/skateclubcalais.fr\/?page_id=617"},"modified":"2024-08-23T22:01:17","modified_gmt":"2024-08-23T20:01:17","slug":"section-bmx","status":"publish","type":"page","link":"https:\/\/skateclubcalais.fr\/index.php\/section-bmx\/","title":{"rendered":"Section BMX"},"content":{"rendered":"<div class=\"wp-block-image\">\n<figure class=\"aligncenter size-full is-resized\"><img decoding=\"async\" loading=\"lazy\" src=\"https:\/\/skateclubcalais.fr\/wp-content\/uploads\/2024\/04\/logo-1.jpeg\" alt=\"\" class=\"wp-image-1336\" width=\"234\" height=\"221\"\/><\/figure><\/div>\n\n\n<h3 class=\"wp-block-heading\">Depuis 1995, le club a une section BMX, ces riders vous accueillent sur les cr\u00e9neaux associatifs, et organisent des \u00e9v\u00e9nements afin de d\u00e9velopper le BMX Freestyle sur le Calaisis.<\/h3>\n\n\n\n<p><strong><span style=\"color: #f70505;\">Session libre BMX les jeudi soir de 19h30 \u00e0 21h30<\/span><\/strong><\/p>\n\n\n\n<p><strong><span style=\"color: #f70505;\">Session en multisports les vendredi et samedi soir de 19h30 \u00e0 21h30<\/span><\/strong><\/p>\n\n\n\n<figure class=\"wp-block-image size-large\"><img decoding=\"async\" loading=\"lazy\" width=\"1024\" height=\"768\" src=\"http:\/\/skateclubcalais.fr\/wp-content\/uploads\/2023\/09\/IMG_5490-1024x768.jpg\" alt=\"\" class=\"wp-image-1298\" srcset=\"https:\/\/skateclubcalais.fr\/wp-content\/uploads\/2023\/09\/IMG_5490-1024x768.jpg 1024w, https:\/\/skateclubcalais.fr\/wp-content\/uploads\/2023\/09\/IMG_5490-300x225.jpg 300w, https:\/\/skateclubcalais.fr\/wp-content\/uploads\/2023\/09\/IMG_5490-768x576.jpg 768w, https:\/\/skateclubcalais.fr\/wp-content\/uploads\/2023\/09\/IMG_5490-1536x1152.jpg 1536w, https:\/\/skateclubcalais.fr\/wp-content\/uploads\/2023\/09\/IMG_5490-2048x1536.jpg 2048w\" sizes=\"(max-width: 706px) 89vw, (max-width: 767px) 82vw, 740px\" \/><\/figure>\n\n\n\n<h1 class=\"wp-block-heading has-text-align-center\"><img decoding=\"async\" loading=\"lazy\" class=\"alignnone size-medium wp-image-1009\" src=\"http:\/\/skateclubcalais.fr\/wp-content\/uploads\/2020\/11\/logo-bmx-calaifornia-300x264.png\" alt=\"\" width=\"300\" height=\"264\" srcset=\"https:\/\/skateclubcalais.fr\/wp-content\/uploads\/2020\/11\/logo-bmx-calaifornia-300x264.png 300w, https:\/\/skateclubcalais.fr\/wp-content\/uploads\/2020\/11\/logo-bmx-calaifornia-1024x899.png 1024w, https:\/\/skateclubcalais.fr\/wp-content\/uploads\/2020\/11\/logo-bmx-calaifornia-768x675.png 768w, https:\/\/skateclubcalais.fr\/wp-content\/uploads\/2020\/11\/logo-bmx-calaifornia-1536x1349.png 1536w, https:\/\/skateclubcalais.fr\/wp-content\/uploads\/2020\/11\/logo-bmx-calaifornia-2048x1799.png 2048w\" sizes=\"(max-width: 300px) 100vw, 300px\" \/><\/h1>\n","protected":false},"excerpt":{"rendered":"<p>Depuis 1995, le club a une section BMX, ces riders vous accueillent sur les cr\u00e9neaux associatifs, et organisent des \u00e9v\u00e9nements afin de d\u00e9velopper le BMX Freestyle sur le Calaisis. Session libre BMX les jeudi soir de 19h30 \u00e0 21h30 Session en multisports les vendredi et samedi soir de 19h30 \u00e0 21h30<\/p>\n","protected":false},"author":1,"featured_media":0,"parent":0,"menu_order":0,"comment_status":"closed","ping_status":"closed","template":"","meta":[],"_links":{"self":[{"href":"https:\/\/skateclubcalais.fr\/index.php\/wp-json\/wp\/v2\/pages\/617"}],"collection":[{"href":"https:\/\/skateclubcalais.fr\/index.php\/wp-json\/wp\/v2\/pages"}],"about":[{"href":"https:\/\/skateclubcalais.fr\/index.php\/wp-json\/wp\/v2\/types\/page"}],"author":[{"embeddable":true,"href":"https:\/\/skateclubcalais.fr\/index.php\/wp-json\/wp\/v2\/users\/1"}],"replies":[{"embeddable":true,"href":"https:\/\/skateclubcalais.fr\/index.php\/wp-json\/wp\/v2\/comments?post=617"}],"version-history":[{"count":12,"href":"https:\/\/skateclubcalais.fr\/index.php\/wp-json\/wp\/v2\/pages\/617\/revisions"}],"predecessor-version":[{"id":1367,"href":"https:\/\/skateclubcalais.fr\/index.php\/wp-json\/wp\/v2\/pages\/617\/revisions\/1367"}],"wp:attachment":[{"href":"https:\/\/skateclubcalais.fr\/index.php\/wp-json\/wp\/v2\/media?parent=617"}],"curies":[{"name":"wp","href":"https:\/\/api.w.org\/{rel}","templated":true}]}}